)?
2
What is the units digit of 951/33 - (-4)/22?
9
Let s(j) = j**3 - 14*j**2 + 14*j - 19. Let v be s(13). Let c = -2 - v. What is the units digit of c?
4
Let q = 95 + -57. What is the units digit of q?
8
Suppose -3*a - 48 = a. Let v = 18 + a. What is the units digit of v?
6
Let f(m) = 8*m**3 + m - 1. Let y be f(1). Let t = y + 3. What is the units digit of t?
1
Let d(h) = -6*h - 7. What is the tens digit of d(-8)?
4
Let k(n) be the third derivative of -n**6/120 + n**5/10 - 5*n**4/24 + n**3/3 + 2*n**2. Let a be k(5). Let v = a - -1. What is the units digit of v?
3
Let x = -55 - -149. What is the tens digit of x?
9
Suppose 0 = -3*c + 2*s - 24, c + 2*c = 5*s - 33. Let y be -4 + -1 + 6/c. What is the tens digit of (-2)/(-4) - 69/y?
1
Suppose 0*h = -h + 31. What is the tens digit of (4 - 6) + 1 + h?
3
Suppose 2*g + 0*g + 10 = 5*d, 4*d = -2*g + 26. Suppose 2 + 12 = 2*i - 3*u, g*i - 77 = -3*u. What is the units digit of i?
3
What is the tens digit of ((-208)/10)/((-44)/110)?
5
Suppose 25 = -p + 6*p. Let m = p - -11. What is the tens digit of m?
1
Let p(x) be the second derivative of -x**6/360 - x**5/15 + x**4/4 + x**3/6 + x. Let b(g) be the second derivative of p(g). What is the units digit of b(-8)?
6
Suppose -r - 3*s + 4 = 0, 0 = -2*r - 3*s - 2 + 10. Let h = r - -4. What is the units digit of h?
8
Let g = 11 + -7. Let r = -2 + g. Suppose 0 = r*y - 3*a - 2, -y + 0*a = -2*a. What is the units digit of y?
4
Suppose -2*k + 6 = 5*w - 13, -15 = -5*w. Suppose q = -4*j + k*q + 32, -2*j - 2 = 4*q. What is the units digit of j?
7
Suppose -2*z + 7*z + 3*l = -26, z = 5*l + 6. Let g = z - -4. What is the units digit of (-7)/((-1)/(1 + g))?
7
Suppose 3*c + 4*k = 26, 0 = 3*c - c + 5*k - 22. Let j = -3 + c. What is the units digit of j?
3
Let n be (1 - 1)*(-1)/2. What is the units digit of 1 + 1 - (n + -5)?
7
Suppose -4*w - 2 = -2*w. Let c(q) = -19*q - 1. What is the tens digit of c(w)?
1
Let k = -3 + 0. What is the units digit of 2/(-6) + (-58)/k?
9
Let v(s) = -s**3 - 2*s**2 + s. Let d be v(-2). Let m(n) = 3*n**2 + 2*n - 2. What is the units digit of m(d)?
6
Suppose 6 - 1 = g - 4*m, 2*g + 2*m = 50. What is the units digit of g?
1
Let m be (37*1)/((-8)/(-8)). Suppose 0 = 5*w - m + 7. What is the units digit of w?
6
Let w(f) be the third derivative of f**5/4 - f**4/24 + 3*f**2. What is the units digit of w(1)?
4
Let m = -9 + 74. What is the units digit of m?
5
Suppose -155 + 50 = -3*v. Let n be ((-82)/5)/(7/v). What is the tens digit of n/(-7) - 2/(-7)?
1
Let x(b) = -8*b - 1 - 2*b**2 - 6 + b**2. What is the units digit of x(-6)?
5
Let k(u) = u + 21. Let c be (-2)/8 + 3/12. What is the tens digit of k(c)?
2
Suppose 4*i = 3*i - 1. Suppose -5*q + 10 = x, 4*q - x - 8 = -6*x. Let a = q - i. What is the units digit of a?
3
Let q(s) = -42*s**2 - s + 1. Let o be q(1). Suppose 118 = 2*b - 4*b. Let g = o - b. What is the units digit of g?
7
Suppose -117 = -5*w + 38. What is the units digit of w?
1
Let l = -14 + 18. Suppose 9 = 3*v - 4*u, 2*v = 3*v + l*u - 19. What is the units digit of v?
7
Let k(u) = u + 12. What is the units digit of k(-11)?
1
Let n(p) = 3*p**3 - p + 2. Let q(g) = -g**3 + g**2 + g - 1. Let z(r) = -n(r) - 4*q(r). What is the tens digit of z(5)?
1
What is the tens digit of (1*150/8)/((-6)/(-80))?
5
Let g(v) = -3*v**2 - 6*v - 3. Let b(l) = -16 + 4*l**2 + 18 - l + 6*l. Let z(h) = 2*b(h) + 3*g(h). What is the tens digit of z(-5)?
1
Let s(v) = 33*v**2 + 2*v - 2. What is the tens digit of s(2)?
3
Let s = -6 + 10. Suppose 0 = l - s - 0. Suppose l*o - 45 = o. What is the tens digit of o?
1
Let w(t) = 2*t - 3. Let o be w(-6). What is the tens digit of (6/o)/((-1)/25)?
1
Let h = 12 - 19. Let s(k) be the first derivative of -k**2/2 - 1. What is the units digit of s(h)?
7
Suppose 5*x = -h + 216, -4*h - 6*x = -2*x - 784. What is the units digit of h?
1
Let k be (-14)/(-2 + (-16)/(-4)). Let i(u) = -2*u**2 - u + 27. Let h(z) = z**2 - 14. Let o(t) = -7*h(t) - 4*i(t). What is the units digit of o(k)?
1
Suppose 0 = -k - 0*k + 4. Suppose 3*y + 7 = -0*u + u, 3*y + 10 = k*u. Let g(l) = 9*l**2 - 2*l + 1. What is the units digit of g(u)?
8
Let y = 136 + 24. What is the hundreds digit of y?
1
Suppose -6 - 9 = -3*g. Let p be -3*1/(-3)*80. Suppose -s - i = -18 + 4, 5*s - p = g*i. What is the tens digit of s?
1
Let j(f) = -f + 2. Let n be j(6). Let u be (2/3)/(n/6). What is the units digit of (u/(-2))/(3/6)?
1
Suppose 0 = q + q + 4*a - 12, 5*a = 4*q + 2. Suppose d - 8 = -x, q*d = -3*d - x + 20. What is the units digit of d?
3
Suppose g = 3*g - 4*w - 48, 2*g - 2*w - 38 = 0. What is the tens digit of g?
1
Let j(p) = -4*p + 2*p**3 - 8*p - 2*p**2 + 0*p**3 + 9*p. What is the units digit of j(3)?
7
Suppose -93*q + 95*q - 96 = 0. What is the units digit of q?
8
Let f = -12 + -8. Let x(s) = s**3 - 4*s + 1. Let t be x(-3). Let c = t - f. What is the units digit of c?
6
Let w(z) = 20*z + 16*z - 41*z - z**3 - 4*z**2 - 2. What is the tens digit of w(-4)?
1
Let g(o) = o**3 + 3*o**2 - 6*o - 6. Let s be g(-4). Suppose s*j + 20 = p - 3*j, 4*p - 170 = 2*j. What is the tens digit of p?
4
Let a = 7 + -3. Let y = 4 + a. What is the units digit of y?
8
Let k(v) = -v**3 - 7*v**2 + 6*v - 7. Let c be k(-8). Suppose 57 = 5*y - 43. Let m = y - c. What is the units digit of m?
1
What is the tens digit of (-4)/1 - -1 - -18?
1
Suppose 0 = -3*h + 2*h + 81. What is the units digit of h?
1
Suppose 0 = 4*b - 0*b - 48. Let l = b - -9. What is the tens digit of l?
2
Suppose 2*o = -0*o. What is the units digit of -3 + o + 1 - -9?
7
Let a(i) = -12*i**2 + 3*i + 2. Let w be a(-1). Let y = -10 - w. What is the units digit of y?
3
Let m be (-190)/(3/(27/(-6))). Let f = m - 105. What is the tens digit of (0 - -2) + f/9?
2
Suppose -6*u + 5*u + 304 = 0. What is the units digit of u?
4
Let t(l) = l**3 + 6*l**2 - 4*l + 1. What is the units digit of t(-6)?
5
Suppose 0*f = -5*f + 90. Let w = f - 10. What is the units digit of w?
8
Let g(w) = -w**3 + 7*w**2 + 4*w + 1. What is the tens digit of g(7)?
2
What is the units digit of 14/(-35) - 12/(-5)?
2
Suppose 2*l - 4*w = l + 8, -5*w + 7 = 3*l. Suppose -h - 9 = -l*h. What is the units digit of h?
3
Let t = -2 + 2. Suppose t = 3*p + k - 64, 2*k + 2 + 2 = 0. What is the tens digit of p?
2
Suppose 300 = 17*h - 12*h. Let t = h + -28. What is the units digit of t?
2
Let l = 12 + -10. Suppose 0 = -3*s + l*w + 92, -123 = -4*s + w + 2*w. What is the tens digit of s?
3
Suppose 0 = -6*j + 10*j - 504. What is the tens digit of j?
2
Let a = -177 - -315. What is the units digit of a?
8
Let o = 55 - 39. What is the tens digit of o?
1
Let c(s) = -s**2 + 8*s - 7. Let u be c(7). Let f = u - -3. Suppose -5*o = 5*r - 30, 0 = f*r + 2*o - 0*o - 22. What is the tens digit of r?
1
Suppose 2*w + w + 2*i = -187, -4*i = 8. Let h = -34 - w. What is the units digit of h?
7
What is the tens digit of 1 + 1 + 39 + -12?
2
Suppose -64 + 93 = d. What is the tens digit of d?
2
Let l(q) = -q**2 + 20*q - 31. What is the units digit of l(15)?
4
What is the units digit of (-49)/(-14) + (-1)/(-2)?
4
Let y(p) = -p + 7. What is the tens digit of y(-14)?
2
Suppose 0 = 4*c + 5*t - 579, -7*t = -2*c - 3*t + 322. What is the hundreds digit of c?
1
Let y(u) = 13*u**2. Suppose -4*n + 3*z - 2 = 2, -2*n - 2*z - 2 = 0. What is the units digit of y(n)?
3
Suppose 20 = 5*z - 3*z. Suppose -z + 73 = 7*u. What is the units digit of u?
9
Let y(l) = 3*l - 9. Let m be y(7). Suppose -3*k - 4*j = -7*k - 4, 0 = -4*j + m. Suppose -a = k*a - 9. What is the units digit of a?
3
Suppose 4*a - 1 = 11. Let m be ((-30)/(-9))/((-1)/a). Let i = m - -15. What is the units digit of i?
5
Let j = -1 + 6. Let n(p) = 3*p**2 - 4*p - 3. What is the tens digit of n(j)?
5
Suppose 0 = -6*o + 295 + 1445. What is the tens digit of o?
9
Let t(x) = x**2 - 8*x + 13. What is the units digit of t(10)?
3
Let o be ((-5)/(-2) + -1)*2. Suppose 0 = 4*c - 4*b + 2*b + 2, o*b - 3 = 3*c. Suppose -4*z = -8, c = j - 5*z - 0 + 3. What is the units digit of j?
7
What is the units digit of -2 + 25 + (-3)/(-1)?
6
Suppose -5*v = -5*y, -v = -2 - 3. Suppose y*b + i - 14 = 0, 7 = b + i + 1. Suppose 6*h + 3*r - 1 = b*h, h - 5*r = 29. What is the units digit of h?
4
Let y(l) = -2*l**3 - 8*l**2 + 12*l + 29. What is the hundreds digit of y(-7)?
2
Suppose -4*q = 4*w + 631 + 517, -2*w - 3*q - 